{"id":36,"date":"2016-03-03T13:42:02","date_gmt":"2016-03-03T13:42:02","guid":{"rendered":"http:\/\/ktd-mindel.hr\/develop\/?page_id=36"},"modified":"2016-03-03T17:52:48","modified_gmt":"2016-03-03T17:52:48","slug":"odvoz-i-deponiranje-otpada","status":"publish","type":"page","link":"https:\/\/ktd-mindel.hr\/develop\/odvoz-i-deponiranje-otpada\/","title":{"rendered":"Odvoz i deponiranje otpada"},"content":{"rendered":"<p style=\"text-align: justify;\">HTP Lumbarda je zapo\u010delo sa odlaganjem na prostoru Kokojevice 1970. godine, a komunalno poduze\u0107e Hober od 1975 godine. Otpad je deponiran na povr\u0161ini od 3.6 ha, te je pretpostavka da je do sada deponirano 60.000 tona otpada. Danas KTD Mindel obavlja uslugu prikupljanja i deponiranja otpada na podruju Op\u0107ine Lumbarda. Odlukom op\u0107inskog vije\u0107a deponij Kokojevica je predan na upravljanje KTD Mindel. Trenutno se mje\u0161ani komunalni otpad prikuplja sa 20-ak lokacija na kojima se nalaze kontejneri 1100 l. Namjera je do kraja 2016 god. zapo\u010deti sa prikupljanjem otpada putem induvidualnih spremnika za otpad od 120, 240 i 360 l. KTD Mindel je u fazi nabave spremnika te \u0107e se isti prodavati korisnicima po znatno ni\u017eim cijenama od tr\u017ei\u0161nih. Razliku prodajne i tr\u017ei\u0161ne cijene snosi KTD Mindel i Op\u0107ina Lumbarda.<\/p>\n<p style=\"text-align: justify;\">\n<p style=\"text-align: justify;\">\n<p style=\"text-align: justify;\"><img loading=\"lazy\" class=\"alignnone size-full wp-image-122\" src=\"http:\/\/ktd-mindel.hr\/develop\/wp-content\/uploads\/2016\/03\/groblje5.jpg\" alt=\"groblje5\" width=\"640\" height=\"480\" srcset=\"https:\/\/ktd-mindel.hr\/develop\/wp-content\/uploads\/2016\/03\/groblje5.jpg 640w, https:\/\/ktd-mindel.hr\/develop\/wp-content\/uploads\/2016\/03\/groblje5-300x225.jpg 300w\" sizes=\"(max-width: 640px) 100vw, 640px\" \/><\/p>\n","protected":false},"excerpt":{"rendered":"<p>HTP Lumbarda je zapo\u010delo sa odlaganjem na prostoru Kokojevice 1970. godine, a komunalno poduze\u0107e Hober od 1975 godine. Otpad je deponiran &#8230;<\/p>\n","protected":false},"author":1,"featured_media":0,"parent":0,"menu_order":0,"comment_status":"closed","ping_status":"closed","template":"","meta":{"_editorskit_title_hidden":false,"_editorskit_reading_time":0},"_links":{"self":[{"href":"https:\/\/ktd-mindel.hr\/develop\/wp-json\/wp\/v2\/pages\/36"}],"collection":[{"href":"https:\/\/ktd-mindel.hr\/develop\/wp-json\/wp\/v2\/pages"}],"about":[{"href":"https:\/\/ktd-mindel.hr\/develop\/wp-json\/wp\/v2\/types\/page"}],"author":[{"embeddable":true,"href":"https:\/\/ktd-mindel.hr\/develop\/wp-json\/wp\/v2\/users\/1"}],"replies":[{"embeddable":true,"href":"https:\/\/ktd-mindel.hr\/develop\/wp-json\/wp\/v2\/comments?post=36"}],"version-history":[{"count":4,"href":"https:\/\/ktd-mindel.hr\/develop\/wp-json\/wp\/v2\/pages\/36\/revisions"}],"predecessor-version":[{"id":163,"href":"https:\/\/ktd-mindel.hr\/develop\/wp-json\/wp\/v2\/pages\/36\/revisions\/163"}],"wp:attachment":[{"href":"https:\/\/ktd-mindel.hr\/develop\/wp-json\/wp\/v2\/media?parent=36"}],"curies":[{"name":"wp","href":"https:\/\/api.w.org\/{rel}","templated":true}]}}